8325376?
7
What is the ten thousands digit of 232362369?
6
What is the millions digit of 10273441?
0
What is the ten thousands digit of 80150812?
5
What is the ten millions digit of 40796268?
4
What is the thousands digit of 49362582?
2
What is the units digit of 3205605157?
7
What is the ten millions digit of 127020903?
2
What is the units digit of 1014569867?
7
What is the tens digit of 227516512?
1
What is the hundred thousands digit of 588693664?
6
What is the hundreds digit of 326431677?
6
What is the units digit of 1392000338?
8
What is the millions digit of 155292672?
5
What is the ten millions digit of 1241275452?
4
What is the hundred millions digit of 396836526?
3
What is the ten thousands digit of 926177466?
7
What is the units digit of 37761867?
7
What is the units digit of 9997079?
9
What is the ten thousands digit of 5317425176?
2
What is the hundred thousands digit of 1763330945?
3
What is the hundred thousands digit of 774950540?
9
What is the units digit of 59869576?
6
What is the tens digit of 133203418?
1
What is the millions digit of 158310718?
8
What is the hundred thousands digit of 2673288757?
2
What is the millions digit of 102014369?
2
What is the ten millions digit of 269620155?
6
What is the tens digit of 88283964?
6
What is the ten millions digit of 2166736710?
6
What is the hundreds digit of 36841072?
0
What is the thousands digit of 970824573?
4
What is the millions digit of 2596183096?
6
What is the hundreds digit of 2885184018?
0
What is the units digit of 266412815?
5
What is the hundred millions digit of 3085878057?
0
What is the ten thousands digit of 101927250?
2
What is the units digit of 9742552?
2
What is the hundred millions digit of 175795715?
1
What is the hundred thousands digit of 1691835283?
8
What is the tens digit of 560026410?
1
What is the hundreds digit of 1943984?
9
What is the hundreds digit of 37065742?
7
What is the ten thousands digit of 906557152?
5
What is the hundreds digit of 1198694180?
1
What is the thousands digit of 1541788750?
8
What is the units digit of 1717971615?
5
What is the units digit of 91344001?
1
What is the tens digit of 44079946?
4
What is the tens digit of 629402226?
2
What is the hundred thousands digit of 421302680?
3
What is the tens digit of 229946223?
2
What is the units digit of 303082120?
0
What is the tens digit of 2181186897?
9
What is the tens digit of 20142189?
8
What is the tens digit of 2805045069?
6
What is the ten thousands digit of 285586194?
8
What is the millions digit of 1038598111?
8
What is the thousands digit of 169816340?
6
What is the ten thousands digit of 51549501?
4
What is the thousands digit of 19339256?
9
What is the hundreds digit of 122859779?
7
What is the hundred thousands digit of 276298271?
2
What is the ten millions digit of 340806362?
4
What is the millions digit of 41396542?
1
What is the units digit of 1367028469?
9
What is the thousands digit of 75107010?
7
What is the tens digit of 49796264?
6
What is the billions digit of 2238049155?
2
What is the millions digit of 76232140?
6
What is the hundred millions digit of 147440811?
1
What is the hundred millions digit of 1075415505?
0
What is the ten thousands digit of 73075799?
7
What is the tens digit of 95970288?
8
What is the ten millions digit of 1751766445?
5
What is the hundred millions digit of 681968224?
6
What is the hundred thousands digit of 35254442?
2
What is the units digit of 55048325?
5
What is the units digit of 27483186?
6
What is the billions digit of 3657646517?
3
What is the ten thousands digit of 1566141783?
4
What is the ten millions digit of 2478862570?
7
What is the thousands digit of 975956670?
6
What is the tens digit of 22753329?
2
What is the tens digit of 410876?
7
What is the hundreds digit of 2211867767?
7
What is the hundred thousands digit of 235789404?
7
What is the hundred thousands digit of 892408987?
4
What is the hundred millions digit of 351534900?
3
What is the hundred thousands digit of 1626878953?
8
What is the units digit of 44031080?
0
What is the hundred thousands digit of 11849447?
8
What is the millions digit of 124109294?
4
What is the millions digit of 28440203?
8
What is the thousands digit of 86251633?
1
What is the hundred millions digit of 118026962?
1
What is the millions digit of 4527689121?
7
What is the tens digit of 1187324608?
0
What is the ten thousands digit of 1242666164?
6
What is the tens digit of 38285905?
0
What is the millions digit of 315266681?
5
What is the tens digit of 861618901?
0
What is the units digit of 160901890?
0
What is the ten millions digit of 455984656?
5
What is the millions digit of 16176440?
6
What is the units digit of 1812014797?
7
What is the units digit of 873158967?
7
What is the ten thousands digit of 1642203776?
0
What is the ten millions digit of 1074395587?
7
What is the millions digit of 39182173?
9
What is the tens digit of 36197549?
4
What is the thousands digit of 303329800?
9
What is the hundreds digit of 2630374900?
9
What is the units digit of 69208889?
9
What is the tens digit of 132076996?
9
What is the thousands digit of 5926372?
6
What is the units digit of 741136022?
2
What is the units digit of 1396319107?
7
What is the units digit of 987364198?
8
What is the millions digit of 1006815110?
6
What is the hundred thousands digit of 2996565?
9
What is the units digit of 91649064?
4
What is the millions digit of 1116204763?
6
What is the ten millions digit of 195685412?
9
What is the ten millions digit of 5394068702?
9
What is the tens digit of 8685924?
2
What is the tens digit of 36767527?
2
What is the billions digit of 1574573628?
1
What is the tens digit of 20809730?
3
What is the hundreds digit of 45671535?
5
What is the thousands digit of 111935459?
5
What is the thousands digit of 4615529810?
9
What is the ten millions digit of 67762335?
6
What is the millions digit of 179829538?
9
What is the millions digit of 16967290?
6
What is the hundred thousands digit of 737671691?
6
What is the hundreds digit of 167185288?
2
What is the hundreds digit of 8626072649?
6
What is the units digit of 28077917?
7
What is the ten millions digit of 591936686?
9
What is the tens digit of 200405939?
3
What is the hundred millions digit of 105366057?
1
What is the tens digit of 96885385?
8
What is the thousands digit of 1061460898?
0
What is the hundred thousands digit of 28555576?
5
What is the millions digit of 473842007?
3
What is the hundred thousands digit of 427423248?
4
What is the millions digit of 401121759?
1
What is the millions digit of 304434668?
4
What is the millions digit of 70555653?
0
What is the hundred thousands digit of 3021164068?
1
What is the hundred millions digit of 293210438?
2
What is the thousands digit of 1077743157?
3
What is the ten thousands digit of 379151032?
5
What is the hundreds digit of 630241032?
0
What is the hundreds digit of 1523017228?
2
What is the hundred millions digit of 189980910?
1
What is the units digit of 1269381983?
3
What is the thousands digit of 220008?
0
What is the thousands digit of 364808072?
8
What is the ten thousands digit of 61452608?
5
What is the ten thousands digit of 787073787?
7
What is the ten millions digit of 35757450?
3
What is the hundreds digit of 178432793?
7
What is the thousands digit of 260176239?
6
What is the hundred millions digit of 421698705?
4
What is the hundred millions digit of 1424201792?
4
What is the units digit of 45594319?
9
What is the thousands digit of 251673423?
3
What is the units digit of 48686073?
3
What is the thousands digit of 199760749?
0
What is the tens digit of 548497511?
1
What is the billions digit of 2033805922?
2
What is the millions digit of 560011780?
0
What is the hundreds digit of 414606819?
8
What is the hundreds digit of 16078383?
3
What is the hundred thousands digit of 398650145?
6
What is the units digit of 191563095?
5
What is the units digit of 24852581?
1
What is the hundred thousands digit of 1599693436?
6
What is the units digit of 2222095602?
2
What is the billions digit of 1371610927?
1
What is the hundred thousands digit of 463335689?
3
What is the tens digit of 149594328?
2
What is the tens digit of 20280287?
8
What is the ten millions digit of 1016064647?
1
